-5
Let p(t) be the first derivative of t**2 - 2*t - 1. Suppose 0 = -5*v - 2*s - 0*s + 239, 51 = v + 2*s. Let g = -49 + v. Give p(g).
-6
Let s(i) be the first derivative of -i**2/2 + i - 1. Let z = -34 - -45. Suppose -z*q = -9*q - 6. What is s(q)?
-2
Let w(y) = -y**2 + 7*y + 1. Suppose -11*l = -8*l - v - 13, 5*l - 29 = -2*v. Suppose c + 0 = -2*k + 1, -2*c + l*k + 11 = 0. What is w(c)?
13
Suppose 0 = -10*o - 0 - 0. Let b(f) = 2*f + 11 - f + o*f. Give b(0).
11
Suppose -115 = -111*c + 134*c. Let v(t) = t + 17. Give v(c).
12
Let b(u) be the first derivative of u**3/3 - 11*u**2/2 + 14*u - 130. Give b(10).
4
Let b(a) = a**3 + 13*a**2 + 14*a + 10. Suppose -5*i + 9 = 62*s - 64*s, 4*s + 33 = 5*i. What is b(s)?
-14
Let u(n) = -2*n**2 + 80*n + 81. Let q be u(41). Let c(z) = 8*z**2 + 2*z. Calculate c(q).
6
Let a be (2/7)/(2/(-42)). Let c(d) = -2 - 8*d + 0 + 2*d**2 - 3*d**2. What is c(a)?
10
Let g be (-61)/9 - (-6)/(-27). Let m(a) = 5*a**2 + 21*a + 1. Let z(j) = 3*j**2 + 11*j. Let k(b) = g*z(b) + 4*m(b). Give k(8).
-4
Let s(k) be the second derivative of -2*k**3/3 - 7*k**2 - 7*k. Let d(u) = -7*u - 28. Let p(m) = -3*d(m) + 5*s(m). Calculate p(-10).
4
Let n(u) = 3*u**2 + 4*u + 5. Let d(c) = -11*c**2 - 11*c - 14. Let g(k) = -3*d(k) - 8*n(k). Give g(2).
40
Let j(w) = -w**3 - 6*w**2 - 5*w + 7. Suppose 70 = -49*x + 35*x. What is j(x)?
7
Let f(c) = -2 + 2 - 7*c + 0 + 3. Let h(p) = -p**3 + 3*p**2 + 2. Let a be h(3). What is f(a)?
-11
Let l(v) = v**2 - 4*v - 4. Suppose 4*a = -4*b - 10 + 2, a = b. Let h be (-2 - (1 - 2))*b. Suppose x - 5 = -x + d, -2*d - h = -x. Give l(x).
-7
Suppose 6*a = 3*a + 6. Let c(g) = 5 + 102*g + 0 - 96*g + g**3 + 4*g**a. Determine c(-4).
-19
Let b(r) be the second derivative of r**8/6720 + r**7/315 + r**6/80 + r**5/30 + r**4/2 + 4*r. Let y(m) be the third derivative of b(m). What is y(-7)?
-10
Let h(f) = -f**3 - 14*f**2 + 2. Let b be h(-14). Let w(o) = o**3 - 5*o + 5 + o**b - o + 6*o. Calculate w(0).
5
Suppose 0 = 2*t - 3*b + 8, 6*b - 3*b = 12. Let f(g) = 8*g - 3*g**t + 7 - 10 + 2*g**2. Give f(6).
9
Suppose -15*u + 12*u = -6. Let y(k) = 0*k + 8*k**3 - k**u + 4*k**3 + k. Determine y(1).
12
Let v(t) be the first derivative of -5*t - 7/2*t**2 + 1/4*t**4 + 5/3*t**3 + 19. Determine v(-6).
1
Suppose 5*u + 5 = 6*o - o, 5 = o. Let m(q) = -q**2 + 6*q + 4. Let h be m(7). Let f(z) = z - 4. Let g(r) = r - 3. Let v(d) = h*f(d) + u*g(d). Give v(0).
0
Let f be (32/3 + 4)/((-1)/3). Let n = f + 44. Let p(b) = -b**3 - b**2 - 11. Calculate p(n).
-11
Let q(o) = o + 5. Suppose 14 - 24 = 2*a. What is q(a)?
0
Let p(m) = m**2 + 16*m + 30. Let b be 0 + 564/(-44) + 2/(-11). Give p(b).
-9
Let g(f) = f**2 - 4*f + 5. Let q(c) = c**3 - 5*c**2 - c - 1. Let m be q(3). Let v(h) = -h**2 + 5*h + 526. Let w be v(25). Let l = m + w. What is g(l)?
5
Let h(w) = -w**2 - 7*w + 11. Let c(s) = s**2 + s - 2. Let p(r) = -5*c(r) - h(r). Let l = 7 - 6. What is p(l)?
-3
Let b = -208 + 208. Let x(a) = a + 9. What is x(b)?
9
Let z(l) = 77*l - 74. Let s be z(1). Let j(d) be the third derivative of -1/15*d**5 + 5/24*d**4 + 4*d**2 + 0 + 0*d - 5/6*d**s - 1/120*d**6. Determine j(-5).
-5
Let o = -856 - -862. Let m(h) = h**3 - 4*h**2 - 15*h + 11. What is m(o)?
-7
Let b(r) = -2*r - 1. Let o(y) = 27*y + 18. Let h(w) = 15*b(w) + o(w). Suppose 3*a = c + 13, -2*a + 3*c - 26 = -6*a. Determine h(a).
-12
Suppose -11*g = -7 + 40. Let d be -5 + g/(-1 - -4). Let a(k) = 3*k + 6. Give a(d).
-12
Let y(b) = b**3 + 11*b**2 + 18*b + 1. Suppose -105*a + 111*a + 54 = 0. Calculate y(a).
1
Let y(k) = k + 7. Let d(g) = -g**3 - g**2 - 2*g. Let i be d(0). Suppose i = -32*q + 29*q - 12. Calculate y(q).
3
Let y(x) be the third derivative of -x**7/2520 - 7*x**6/720 + x**5/12 - x**4/4 - 11*x**2. Let q(z) be the second derivative of y(z). What is q(-7)?
10
Suppose 0 = -4*x - 3*j - 2*j, -4*x + 24 = -j. Let y be (0 + 0)/((-26)/(-13)). Suppose 5*m + y = x. Let z(v) = 11*v - 1. Determine z(m).
10
Let p(s) = -3*s + 4*s + 0*s - 2*s - 7. Determine p(-6).
-1
Let o(h) = -3*h**2 - 6*h + 7. Let x(v) = 4*v**2 + 6*v - 8. Suppose 2 = -6*g + 7*g. Let n(i) = g*x(i) + 3*o(i). What is n(-5)?
10
Let f(o) be the second derivative of 0 + 1/3*o**4 + 0*o**3 - 1/120*o**6 + 5*o + 0*o**2 - 1/120*o**5. Let l(d) be the third derivative of f(d). Calculate l(2).
-13
Suppose -5*p = -4*c + 12, 3*p - 5*c = 5*p + 18. Let j(l) = 17*l**2 + 20*l**2 - 4 - 36*l**2. Give j(p).
12
Let z(i) = -i**2 + 5*i + 1. Let h(o) = -o**2 - 5*o + 4. Suppose -20 = 4*n + s, n - 3*n = 5*s + 10. Let t be h(n). Determine z(t).
5
Let t(a) = a**3 - 5*a**2 + 3*a + 2. Suppose -3*d + 46 = -d - 5*j, 0 = 4*d - 5*j - 102. Suppose 4*o = 2*f + 3*o - 12, 0 = -4*f + 3*o + d. Give t(f).
-2
Let c(s) be the third derivative of -s**5/60 + 7*s**4/24 - 3*s**3/2 - 313*s**2 + 1. Give c(7).
-9
Let z(s) = -s**2 + 2*s - 3. Let u = 6 - -10. Suppose -2*x - 2 = -8. Suppose -x*p + 22 = u. What is z(p)?
-3
Let x(p) be the third derivative of -p**5/60 - p**4/8 + p**3/2 + 3*p**2. Let u be 46/(-14) + 1/(21/6). Determine x(u).
3
Let t(j) = -2*j**3 + 4*j + 3. Let i be t(-2). Let c(l) = l**3 - 12*l**2 + 12*l - 9. Determine c(i).
2
Let k(n) = n + 4. Let l(v) be the first derivative of -v**2/2 - 5*v - 24. Let y(d) = 4*k(d) + 3*l(d). Let o be (2/(-1))/2 + -1. Calculate y(o).
-1
Let l be 1*((-4)/4 + (-20)/(-4)). Let c(r) = -58 + 26 + 25 - l*r. Let f = -11 - -6. What is c(f)?
13
Let s be (1 - 1)/((-6)/6) - -4. Let p(k) = 0 + 3*k - s - 4*k + 6. Suppose 3*l + 0 = 15. Determine p(l).
-3
Let h(g) = 4*g**2 + 44*g + 4. Let q be h(-11). Let u(f) be the third derivative of -f**2 + 0*f - 1/8*f**q + 0*f**3 + 0. Determine u(3).
-9
Let f = 5 - 11. Let w be (-8)/6*f/4. Let l(g) = g**w - 4 - g**3 + 2 - 7*g**2 + 2*g**2 - 2*g. Determine l(-4).
6
Let l(k) = -k**2 - 6*k - 1. Let c(z) = z**2 + 5*z + 4*z - 4*z + 1. Let j(u) = -3*c(u) - 2*l(u). What is j(-4)?
-5
Let a(z) = 81*z + 4 + 73*z - 152*z - z**2. Determine a(-3).
-11
Let p(o) = -5*o - 2. Let y(f) = -f + 1. Let c(a) = -15*a - 11. Let j(n) = c(n) + 4*y(n). Let h(z) = 6*j(z) - 22*p(z). Give h(-2).
10
Let w(j) be the second derivative of j**5/20 + 7*j**4/12 + 7*j**3/6 + 9*j**2/2 - 11*j. Let m be 2/3*(-63)/6. Let n = -13 - m. Calculate w(n).
3
Suppose 18 = g - 7. Suppose g = -4*m - w, -4*w - w + 1 = -m. Let s(x) = x + 12. Give s(m).
6
Let x(y) = -y + 9 + 4 + 9 - 15. Calculate x(11).
-4
Let o(l) = -l + 3. Suppose -44 = -z - 3*m, 3*z = -0*m - 3*m + 126. Let b = -23 + z. Let p be ((-6)/b)/((-2)/(-18)). Determine o(p).
6
Let n(d) = 1. Let t(x) = 2*x - 5. Suppose 3*w = p + 3*p - 9, 5*p = 2*w + 13. Let b(h) = w*t(h) + 3*n(h). What is b(-4)?
-10
Let s be 1 + 2 + (12 - (13 - 4)). Let g(p) = 9*p - 52. Calculate g(s).
2
Let a(f) = f**3 + 11*f**2 + f + 12. Let x be a(-11). Let z(m) be the third derivative of -m**5/15 + m**3/6 + 6*m**2. Determine z(x).
-3
Let p(a) = -14*a**2 + 15*a + 20. Let w(u) = -5*u**2 + 5*u + 7. Let d(l) = 4*p(l) - 11*w(l). Suppose 3*g = 3*r + 24, -2*g - 4*r + 3 = -1. What is d(g)?
-3
Let n(u) = -u - 1. Let a(l) = l**2 + l - 1. Let d(v) = -v**2 + 4*v + 8. Let s(q) = -2*a(q) - d(q). Let x be s(-6). Let w be 20/9 + x/27. What is n(w)?
-3
Let c(a) = -a**2. Let g(n) = 4*n**2 + 4*n + 5. Let z(p) = 5*c(p) + g(p). Suppose 62*s - 55 = 51*s. Determine z(s).
0
Let p(j) = -6*j - 11*j + 22 - 5*j + 3 + 26*j. What is p(-5)?
5
Let y(r) be the third derivative of -r**6/240 - r**5/30 - 7*r**4/24 - r**2. Let z(x) be the second derivative of y(x). Let m = 5 - 8. What is z(m)?
5
Let p be 9*(4/(-6) - -1). Let o(q) be the third derivative of 2/3*q**3 + 1/8*q**4 + 0*q + 0 - 1/60*q**5 + 8*q**2. Calculate o(p).
4
Let h(t) = t**3 - 6*t**2 - t + 4. Let i(j) = -j**3 + 4*j**2 + 13*j. Let s be i(6). Calculate h(s).
-2
Let f(o) = -o**2 - 2*o - 2. Suppose -100 = -9*q - q. Let m(i) = -i**2 + 13*i - 32. Let h be m(q). Give f(h).
-2
Let c(s) = s**3 + 3*s**2 - 7*s - 5. Let x = -24 - -24. Suppose x*l = -l + 35. Suppose -32*u = -l*u - 12. What is c(u)?
7
Let f(b) be the first derivative of 5 - 1/2*b**2 + 5*b. Give f(-6).
11
Let t(j) = 2*j + 3*j**2 + 2*j**2 - 9*j**2 + j**3. Let x(o) = 14 + 2*o + 3 - 2. Let d be x(-6). Calculate t(d).
-3
Let t(i) = i**3 - 3*i**2 - 7*i + 6. Let d be t(4). Let z be (8/(-10))/((-4)/10). Let l(q) = -q - z - 1 - 4. Give l(d).
-1
Let j(k) = -k**3 - 2*k**2 + 3*k + 4. Suppose -i - 18 = 1. 